1. Let d = -13467 + 13463. Give c(d).
1
Suppose 4*t = w + 349, -3*w = 2*t - 125 - 46. Let y be 1363/t - (-4)/(-6). Suppose 3*h = -y*h + 108. Let o(c) = c - 5. Calculate o(h).
1
Suppose 306*f - 697 + 367 - 588 = 0. Let l(r) = -3 - r**2 + 0*r**3 + r**3 - 3*r**2. Calculate l(f).
-12
Let l(a) be the first derivative of a**5/20 + a**4/3 + a**2/2 - 53*a + 30. Let b(h) be the first derivative of l(h). What is b(-3)?
10
Let c(x) = -x + 5. Let o(j) = -j**2 + 8*j - 6. Let m be o(5). Suppose 2*s = m*s. Suppose s = 12*y - 13*y. Give c(y).
5
Let y(m) be the third derivative of m**4/4 + m**3/6 - m**2 + 337. Let i(a) = -a - 4. Let j = -9 - -4. Let g be i(j). Determine y(g).
7
Let z(k) = 2*k**3 + 24*k**2 - 33*k + 16. Let x(w) = 3*w**3 + 35*w**2 - 49*w + 23. Let m(d) = -5*x(d) + 8*z(d). What is m(-18)?
31
Let t(f) = 6*f**2 - 16*f**2 + 2*f**2 + 1. Let y(u) = u + 5. Let k be y(-1). Suppose 0 = 4*v - k, -2*r + 3*v = 1 + 4. Calculate t(r).
-7
Suppose -4*n - 2*d = -29 + 73, -4*n - 40 = d. Let a(o) = -o**3 - 8*o**2 + 9*o + 1. Let p be a(n). Let y(k) = p - k + k + 6 - k. What is y(8)?
-1
Let p(n) = 7*n + 2. Let r(i) = -5*i - 2. Let l(x) = -3*p(x) - 4*r(x). Let t be 2/(-1) - -6 - (7 + -6). What is l(t)?
-1
Let t(c) be the second derivative of 5/12*c**4 + 3*c**2 + 2/3*c**3 + 0 - 1/20*c**5 - 4*c. Suppose 3*g = 2*g + 6. What is t(g)?
-6
Let h(f) = -f**2 - 6*f + 2. Suppose 11*j - 401 = -93. Suppose -j = -3*r + 26. Suppose s + w = 0, -3*s - 5*w + r = -4*s. Calculate h(s).
11
Suppose -10*b - 130060 + 129980 = 0. Let g(a) be the third derivative of a**6/120 + 7*a**5/60 - a**4/8 + 2*a**2. What is g(b)?
-40
Let o(j) = j**2 - 2*j + 11. Let t = 2596 + -2600. Calculate o(t).
35
Let a = 8464 + -4936. Let p(u) = u - 3528 + a. Suppose -4*b = -5*h + 24, 2*h - 3*h = 3*b - 1. What is p(b)?
-1
Let d = -8 + 15. Let y be 2/5 - 572/(-220). Let l(j) = -j - y + 0*j - 9 + 0*j + 3. What is l(d)?
-16
Let w(s) = -s**2 - 13*s - 5. Let r = 4150 - 4158. Calculate w(r).
35
Let o(u) = 110*u**2 + 92*u**2 - 12*u + 14 - 2 - 205*u**2. Calculate o(-5).
-3
Let b(o) be the first derivative of 35*o**2/2 + 126311. Suppose 0 = -j + 1. Give b(j).
35
Let b(s) = 3*s - 6. Suppose 0 = -3*n + 6*n - 39. What is b(n)?
33
Let z(l) be the first derivative of -9*l + 1/2*l**2 - 1 - 16/3*l**3 + 1/4*l**4. Determine z(16).
7
Suppose -40 = 5*h + 4*q, h - 3*q + 341 = 314. Let t(r) = -r**3 - 12*r**2 - r - 20. Determine t(h).
-8
Let c = 443 - 438. Let o(a) = c*a - 3 - 11 + 2 + a**2 + 6. Determine o(-6).
0
Let n be (-63)/(-12) - 6/(-8). Let r(p) = -2*p**2 - p - 28. Let f(h) = -3*h**2 + h - 9. Let m(x) = -f(x) + r(x). What is m(n)?
5
Suppose -286*b = 167*b + 137*b. Let c(q) be the third derivative of -1/120*q**6 + b*q - 1/6*q**3 + 0*q**5 + 0 - 1/24*q**4 + 9*q**2. Determine c(0).
-1
Let u = 29 - 5. Let j be 1 - 4 - (-1 + u). Let a = j - -21. Let y(p) = -p**3 - 5*p**2 + p + 2. Calculate y(a).
-3
Let y be (-14 + 9 - 1610/(-80)) + 1/(-8). Let k(u) = -2*u**3 + 29*u**2 + 14*u + 10. Determine k(y).
-5
Let f(y) = 60*y**2 + 63*y - 12. Let r(h) = 13*h**2 + h - 2. Let m(l) = f(l) - 6*r(l). Determine m(3).
9
Let d(p) = -4*p - 3. Let b(g) = -3*g. Let a(s) = s**2 + 3*s - 134. Let k be a(-13). Let t(o) = k*d(o) + 5*b(o). What is t(-9)?
3
Let u(a) = -6*a + 98. Let y(s) = 4*s - 63. Let g(i) = 4*u(i) + 7*y(i). Calculate g(14).
7
Let s be 430/(-344) + 19/(-4). Let h(y) = -7*y**2 - 14*y - 12. Let r(z) = 2*z - 1 + 4*z**2 + 5*z + 7. Let l(t) = -3*h(t) - 5*r(t). What is l(s)?
0
Let d(m) = 183*m - 1286. Let o be d(7). Let x(w) = 12*w + 26. Determine x(o).
-34
Let h be (-2 + 18/12)*30. Let y(v) = v**3 + 14*v**2 - 18*v - 28. Calculate y(h).
17
Let w(c) = -c**3 + 4*c**2 + 8*c - 11. Let s be ((-28)/20)/((-3)/15 + 0). Let b be (-21)/s - (-9 - -1). Give w(b).
4
Let g(n) be the first derivative of 2*n**3 - 9*n**2/2 + 8*n - 6452. Calculate g(2).
14
Let n(p) = -18*p + 110. Suppose 10*g + 45*g - 14*g - 246 = 0. Determine n(g).
2
Let d = 3567 - 3568. Let m(l) be the first derivative of -l**5/40 + l**4/24 + 2*l**3/3 + 1. Let n(c) be the third derivative of m(c). Determine n(d).
4
Let r(o) = -o**3 + 4*o**2 - o + 5. Let m be (-8)/3*2*(-27)/36. What is r(m)?
1
Let u(p) = -2*p**3 - 16*p**2 - 15. Suppose -5*a + 22 = l, -18 = -9*l + 12*l + a. What is u(l)?
-15
Let z(r) = -58 - 23*r + 122 - 10*r**3 - 26*r**2 - 89. Let l(y) = -14*y + 9 - 7*y**3 - 17*y**2 - y - 26. Let d(m) = 7*l(m) - 5*z(m). What is d(-10)?
6
Let c(i) be the third derivative of 7*i**4/6 + 113*i**3/6 - 3*i**2 + 311*i. Calculate c(-4).
1
Let k(y) = y**3 + y**2 - y + 3. Let d be k(0). Let u(q) be the third derivative of -q**5/20 + q**4/12 - q**3/2 - 4748*q**2. What is u(d)?
-24
Let k be ((-5256)/17520*(1 - -44))/((-3)/(-2)). Let y(r) = -8*r**2 - 7*r + 20. Let m(x) = -7*x**2 - 7*x + 19. Let l(i) = -7*m(i) + 6*y(i). Calculate l(k).
5
Let d(q) = 20*q**3 + 2*q**2 - 2*q + 1. Let n be d(1). Let u = 13 - n. Let x be 8/10*u + 2/5. Let z(o) = o**3 + 7*o**2 + 5*o + 8. What is z(x)?
14
Suppose 0 = -2*f - 3*v - v - 4, 3*f + 5*v + 6 = 0. Let u be (-1 + (f - -7))*(-2)/(-8). Let w(h) be the first derivative of -2*h**2 + h - 1. What is w(u)?
-3
Let j(x) = -4*x + 5. Suppose -5*q + 3*k = 43, -q - 5*k - 9 = -2*q. Let y(r) = r**2 + 17*r + 14. Let t be y(q). Let p = t - -57. Determine j(p).
-15
Let p(u) = 2*u**2 + 16*u + 25. Let l(n) = 2*n**2 + 13*n + 33. Let h(w) = -4*l(w) + 6*p(w). Give h(-11).
18
Let o(b) = b**3 + 9*b**2 - 12*b - 10. Let q(j) = j**3 + 9*j**2 - 12*j - 9. Let m = 251 + -247. Let a(f) = m*q(f) - 5*o(f). What is a(-10)?
-6
Let r(y) = y**3 + 39*y**2 - 83*y - 36. Let w be r(-41). Let m be (-1)/((-36)/(-9) - w). Let z(n) = 13*n**2 + 2*n - 1. Give z(m).
14
Let q be -18*2/6 + 9. Let v(b) = b**2 - b - 1. Let g(z) = z**3 + z**2 - 3*z - 6. Let k(h) = -g(h) + 4*v(h). Determine k(q).
-1
Suppose -2*q = u + 6, 0 = -5*u - 0*u - 3*q - 2. Let f be ((-3)/u)/((-1)/6). Suppose 3*h = -0 + f. Let o(g) = 2*g + 2. Calculate o(h).
8
Let y(j) = -j**3 + 8*j**2 - 2*j + 9. Suppose 2*s + 3*s - 25 = 0. Suppose 2*p - 198 = -3*w - 0*p, s*w - 314 = 2*p. Suppose -9*d + w = -d. What is y(d)?
-7
Let d(a) = 8*a + 2. Suppose -4*p - 2*m - 26 = 0, 0*m - 11 = p - m. Let h(c) = -3*c - 22. Let o be h(p). Give d(o).
18
Let n(s) = 3*s**2 + 3*s. Let g(u) = u**2. Let v be (10/(-4))/((-2)/4). Suppose -v*q + 15 = -2*q. Let t(d) = q*g(d) - n(d). Give t(2).
2
Let p(z) = 7*z**2 + 2. Let m(q) = 13*q**2 - 17*q - 32. Let j(c) = m(c) - 2*p(c). What is j(-7)?
34
Let y(r) = 28*r - 8. Let v = -10339 - -10342. Calculate y(v).
76
Let y(l) = -11*l - 619 - 624 + 1257 - 9*l**2 + l**3. Suppose -3*f + 7 = -2*w, w + 5*f - 16 = 13. Suppose -2*o = -3*o + 2*q + 18, -w*o - q = -36. Give y(o).
4
Let v = 2680 + -2669. Let c(o) = -o**2 + 13*o - 8. Calculate c(v).
14
Let m be (-4)/6 + (-20)/(-3). Let z(y) be the second derivative of -y**3 - 2*y**2 + 0 + 1/12*y**4 - 16*y. Determine z(m).
-4
Let a = 5087 - 5096. Let k(o) = -5*o - 22. Give k(a).
23
Let p(v) = 36*v**2 + 2*v**3 - v**3 + 5*v + 0*v**3 - 45*v**2 - 13. Let c be 9/(2*14/28). What is p(c)?
32
Let m be (-1 - -4)*7/3. Let a(x) be the third derivative of x**5/60 - x**4/3 + 4*x**3/3 - 11975*x**2. Determine a(m).
1
Suppose 4*o + 5*w + 899 = 0, 6*w - 1135 = 5*o + w. Let b = 231 + o. Let l(p) = p + 4. Calculate l(b).
9
Let r(k) = k**3 + 22*k**2 - 74*k + 17. Let y be r(-25). Let t(s) = -5 - 3*s + 8 - 12 + 2*s. Determine t(y).
-1
Suppose 2*j = 4*b + 6, -b = 3*j - 2 - 7. Let c(p) = 5*p - 8. Let x(k) = 4*k - 9. Let t(w) = j*c(w) - 4*x(w). Let q be t(4). Let o(a) = -a + 11. Calculate o(q).
3
Let a(j) be the third derivative of 0*j + 0*j**4 - 1/30*j**5 + 2/3*j**3 + 60*j**2 + 0. Give a(3).
-14
Let g(t) be the first derivative of t**3/3 - 3*t**2 + t - 6783. Suppose 3*c = -0*c. Let p(k) = k + 6. Let r be p(c). Calculate g(r).
1
Let z(q) = -4 - 3*q - 2*q + 2*q**2 + 9. Let i be z(2). Let l(a) = a**2 - 4*a**2 - 11*a**3 - 3*a**2 - 6*a + 10*a**i. Calculate l(-4).
-8
Let v be (8/12)/(2/3) + (-68)/17. Let o(p) = -14*p - 37. Calculate o(v).
5
Let d(k) = -20 + 179*k - 33 - k**2 - 200*k. Calculate d(-19).
-15
Let x(w) be the first derivative of -71 + 3*w + 4/3*w**3 + 2*w**2. What is x(-2)?
11
Let d(i) be the first derivative of i**3/3 + 3*i**2 - 7*i + 57. Let y be (-8 + (-28)/(-4))*7*1. Calculate d(y).
0
Let b(o) be the second derivative of -o**3/6 + o